- 169. Let k be l(4). Let m be 8/(-28) - (-18)/14. Let q be 0 + m + (87 - 0). What is the greatest common factor of k and q?
11
Suppose -1189*s - 64 = -594*s - 597*s. Calculate the greatest common factor of 366 and s.
2
Let p = -57 + 56. Let f be (p - 2) + 10 + (3 - 5). Suppose 5*i + f*j - 35 = 0, j + 9 = i + 2*i. What is the greatest common divisor of i and 6?
2
Let o be (4/(-10))/((-13)/65). Suppose 5*s - o*s + 5*b = 178, 2*b + 276 = 5*s. What is the greatest common factor of 448 and s?
56
Suppose 29*v = 33*v + 4. Let u be (9/9)/((-2)/(-109 + v)). Calculate the greatest common factor of 495 and u.
55
Let j(q) = 33*q**2 - 197*q - 145. Let c be j(9). Calculate the highest common divisor of 55 and c.
5
Let w be (-20)/(-350) - (-4)/(-70). Let i(f) = -4*f**3 - f**2 + 6*f + 52. Let s be i(w). Calculate the greatest common divisor of 416 and s.
52
Let g(a) be the third derivative of 3*a**4/8 - 55*a**3/6 - 2*a**2 + 2. Let d be g(7). What is the highest common divisor of d and 24?
8
Let c = -9951 - -9991. What is the greatest common divisor of 316 and c?
4
Let f be 3*(16/3 + 2). Let u = -276335 - -276357. What is the greatest common factor of f and u?
22
Let t(q) = q**2 + 10*q + 23. Let d be t(-7). Let f be (4 - 189/14)*(-16)/d. Calculate the highest common factor of f and 798.
38
Let w(s) = -s**2 + 6*s + 2. Let q be w(5). Suppose -1 = q*b - 43. Calculate the greatest common factor of b and 4.
2
Let c(p) = p**2 + 7*p - 8. Let w be c(-8). Let n(h) = h**2 - h + 2. Let r be n(w). Suppose r*u - 180 = -7*u. Calculate the greatest common divisor of 100 and u.
20
Suppose -7*c + d = -9*c + 7, -26 = -c + 4*d. Let w be 26/117 - (-376)/9. Calculate the highest common factor of c and w.
6
Suppose k - 5 = 0, -4*z + 0*z + 177 = -3*k. What is the greatest common factor of z and 2352?
48
Let w = 226 - 175. Suppose -7*b + w = -47. What is the highest common divisor of 196 and b?
14
Let t(n) = 12*n**2 - 12*n + 11. Let d(f) = f**2 + 6*f - 15. Let m be d(2). Let o be t(m). Calculate the greatest common factor of 55 and o.
11
Suppose 0 = -5*p - 2*i + 3650, 0 = -2*p - 14*i + 15*i + 1469. What is the greatest common divisor of p and 16?
4
Let j(l) = -l**3 + 30*l**2 - 57*l + 30. Let g be j(28). Suppose 44 = 4*b - 4*t, 2*b - 2*t - 22 = g*t. What is the greatest common factor of 209 and b?
11
Suppose -6*f - 10*f = -64. Suppose 6*q - f = -2*t + 3*q, -3*t + 5*q = -25. What is the highest common factor of t and 11?
1
Let f(u) = -9*u - 21. Let n be f(9). Let p be n/(-3) + (5 + -4 - 0). Calculate the greatest common factor of 665 and p.
35
Let d be 3450/805*(-56)/(-10). What is the highest common factor of 200 and d?
8
Suppose 644 = -2*q + 4188. Suppose q = 7*k + 372. Calculate the greatest common factor of k and 80.
40
Let h(d) = -174*d + 1003. Let b be h(5). Let j(y) = y**2 - 7*y - 41. Let z be j(-7). What is the greatest common divisor of z and b?
19
Suppose 8*t - 227 = 29 - 0. Calculate the greatest common divisor of t and 17920.
32
Suppose -140*b - 365 = -145*b. Let u be (b - 79)*(-2)/((-6)/(-91)). What is the greatest common factor of u and 14?
14
Let p(s) = -s - 9. Let z(d) = -1. Let k(l) = -p(l) - 6*z(l). Let r be k(-7). What is the highest common divisor of r and 64?
8
Let f = -4892 - -4910. Let q = 4 + 74. Suppose -4*g - 3*w = -33 - q, 0 = 5*g - 2*w - 133. Calculate the greatest common factor of f and g.
9
Let o = -61 - -66. Suppose -81 = -m + h - 5*h, -333 = -o*m + 4*h. Calculate the greatest common factor of m and 483.
69
Let v be 2/(-1*14/(-287)) + 3. What is the greatest common factor of v and 17831?
11
Let v be (1/2)/((-3695)/264 + 98/7). Calculate the highest common factor of v and 7887.
33
Let p(o) = 111*o**2 - 254*o + 763. Let k be p(3). Calculate the greatest common factor of 4750 and k.
250
Suppose 0 = 3*i - i + v - 160, -2*i + 160 = -4*v. Suppose 3*m - 4 - 3 = -4*h, h = -2. Calculate the highest common factor of i and m.
5
Suppose -33*l = -37*l + 4992. Calculate the highest common factor of 192 and l.
96
Suppose 65*v - 140 = 1030. Calculate the greatest common factor of 981 and v.
9
Let p be 6/15 - 128/(-5). Suppose 20*h + 10 = -370. Let c be 186/14 - (h/7 + 3). What is the greatest common factor of c and p?
13
Suppose -2*n = 0, 15*m - 73072 = 6*m + n - 25372. What is the highest common factor of m and 500?
100
Suppose -2*b + r + 87 = 0, -50*r = -46*r - 12. What is the highest common divisor of 55 and b?
5
Suppose -1 = -t, -2*t + 142 = 4*v - 84. Let p be (0/1)/(-2) - 8/(-1). Calculate the highest common divisor of v and p.
8
Let s be (-10072)/(-28) + ((-100)/35)/(-10). What is the greatest common divisor of s and 72?
72
Let g be -1 + 130 - -1*(6 + -3). Let m = 171 - g. Calculate the highest common factor of m and 3.
3
Let f = 19056 + -18672. What is the greatest common divisor of f and 1408?
128
Let y = 11 - 6. Suppose -y*v = -0*v - 50. Calculate the greatest common factor of v and 50.
10
Let n = -82 - -292. Suppose -5*h = -3*b - n, h - 5*b - 42 = -4*b. Calculate the greatest common factor of 112 and h.
14
Suppose 5*q + 4*b = 601, -9*q + 4*q - b = -589. Let v be -2*(4 + (-17)/1). Calculate the greatest common divisor of q and v.
13
Suppose 2*k + 5 = 1, -4792 = -o - 4*k. Calculate the highest common factor of o and 32.
32
Let q(x) = 51*x - 44. Suppose -3*b + 18 = -5*m, -2*b - 3*m = -10 - 21. Let r be q(b). What is the highest common divisor of r and 47?
47
Let h(w) = w**2 + 7*w - 8. Let r be h(6). Let x = -173 - r. Let g = x + 351. What is the greatest common divisor of g and 12?
12
Suppose 2*b + 3*v = 535, -7*v - 1090 = -4*b - 9*v. Let s(r) = 26*r**3 - 2*r**2 + r. Let d be s(1). Calculate the highest common factor of b and d.
25
Let v be 248112/468 - ((-28)/(-13) + -2). Let b be (5 + v/(-15))*-3. What is the greatest common divisor of b and 7?
7
Let b(l) = -7*l**3 - 4*l**2 - 31*l - 14. Let r be b(-4). Calculate the highest common divisor of 342 and r.
38
Let k(o) = -o**3 + 7*o**2 + o - 4. Let f be k(7). Suppose -5*v - 21 = -3*n - 584, f*v + 4*n = 332. Calculate the highest common divisor of 14 and v.
14
Let o(p) = 65*p**3 + p**2 - 2*p. Let t be o(1). Let x be (52 - -20) + 0/1. Let n = x - t. What is the greatest common divisor of 1 and n?
1
Suppose 4*x - 5*i - 11 = 0, 5*x - 6*i + 2 = -5*i. Let g be x/(-3) + 556/18*3. Calculate the greatest common divisor of g and 31.
31
Let m(w) = -w**3 - 6*w - 8. Let o be m(-2). Suppose 0 = -o*q + 11*q + 672. Suppose 5*l = 17*l - q. Calculate the greatest common divisor of l and 7.
7
Suppose 3*l - 7*l = -i + 16, 59 = 5*i + l. Suppose 14*d - 264 = i*d. What is the highest common divisor of d and 24?
12
Let q = -804 + 1152. Calculate the greatest common factor of q and 319.
29
Let i = 17327 - -9014. Let y be i/42 - (-5)/(-30). What is the greatest common factor of y and 33?
33
Let f be (0 - (-14)/10)/((-17)/(-18360)*24). Calculate the highest common divisor of f and 423.
9
Suppose -3*w = 2*l - 85, 3*w - 2*l - 95 = -6*l. Calculate the greatest common factor of 75 and w.
25
Let v be 6*(-910)/(-120)*(3 + 1). What is the greatest common factor of v and 154?
14
Let z(f) = -33*f**3 + 2*f**2 - 2. Let p be z(-2). Let m = 68 - 239. Let w = m + p. What is the highest common divisor of w and 11?
11
Let c(z) = 60*z + 668. Let s be -2*46/12 + 96/(-72). Let j be c(s). Let h = -33 + 49. Calculate the greatest common factor of j and h.
16
Let a be 4/((-1)/(-3)*1). Let w = -308 - -107. Let i = 297 + w. What is the greatest common divisor of i and a?
12
Let b = -107536 + 107543. Suppose 0 = -d + 4*w - 14, 23 - 5 = d + 4*w. What is the highest common factor of d and b?
1
Suppose 3*x + 2*z = 1822, 5*x + 38*z - 3024 = 41*z. Calculate the highest common factor of 18 and x.
6
Let x(r) = 3*r**3 + 27*r**2 + 3*r - 3. Let f be x(-9). Let j = f - -205. What is the greatest common divisor of j and 70?
35
Suppose -20 = 3*k - 5*j, -2*k + k = j + 20. Let g(r) = r**2 + 8*r + 15. Let o be g(k). What is the highest common factor of 96 and o?
24
Let x = 2923 - -205. What is the highest common divisor of 272 and x?
136
Let h(w) = -33*w + 1454. Let p be h(43). Calculate the greatest common factor of p and 1827.
7
Let s be 13 - (316/(-1) + 9). What is the greatest common divisor of s and 2320?
80
Suppose 0 = 16*v - 10*v - 84. Suppose -4*c - v = 5*g + 1, c + 4*g